 -41 + -4 + 2 + -10 - 18.
-14
What is the value of 3 - (92 + -99 - (-1 + -45))?
-36
Calculate 0 + 10 + -1 - (132 + -75 - 1).
-47
What is (6 - 1 - 46) + (3 - 7 - 4) + 19?
-30
What is 28 + -13 - (-17 + (22 - -18) - 39)?
31
Evaluate 104 + -248 + 210 - (-13 + -1 + 1).
79
Calculate -15 - (11 + 18) - (-9 - 11).
-24
Calculate (2 - 4) + (-2 - 2) + 15 + 19.
28
-56 - (-58 + -58 + 70)
-10
What is the value of 103 + (-5 + (-2 - -4) - (-35 + 26 - 2))?
111
What is 4 + 24 + 18 + 21 + -108?
-41
Evaluate 54 + (56 - 164 - -56).
2
What is the value of -478 + 486 + (1 - -5) - (-35 + (1 - -4))?
44
What is the value of -27 - (-87 + (27 - 7))?
40
10 + (-3 - -47) + -10 + 32
76
Calculate -2 + -3 + -21 + -25 + (-3 - -21 - -2).
-31
What is (101 + -154 - -16) + 28?
-9
Evaluate -17 + (56 - 0) + (-3 - 43 - -69).
62
What is the value of (-44 + 123 - (-2 + 13)) + (19 - 16)?
71
(43 + -22 - 26) + 58
53
What is 0 + (18 + 4 - 9 - (47 - 20)) + 6?
-8
What is the value of -2 + 81 - (1189 + -1122)?
12
What is the value of (-55 - -137) + -78 - (3 + -34 + 3)?
32
-2 + 5 + 7 + (12 - ((67 - 0) + 8))
-53
What is 5 - ((-2 + 5 - -1) + -1 + -138 + 95)?
45
Calculate -41 - (-22 + 14 - 11) - -5.
-17
What is 30 + (-30 - (55 + -43))?
-12
158 + 1 + -63 + 28
124
Calculate 11 + (-42 - (35 + -8)).
-58
What is the value of 325 + -390 - (0 + 21) - -40?
-46
Calculate -60 - (66 - 26) - -24.
-76
What is -2 + -3 + 9 + -12 - (-26 + -4 + -8)?
30
Calculate -23 - ((3 - -8 - 11) + 20).
-43
(-51 - (29 - (34 + 17))) + 41 - (87 + 1)
-76
Evaluate -90 - ((118 - 79) + -67).
-62
What is 57 + (-39 - -63 - 78)?
3
Calculate (9 + -2 - -5) + (186 - 203).
-5
Evaluate (1 + 30 - (709 + -681)) + -16.
-13
Calculate (2 + -2 - 18) + (313 - 316).
-21
13 + (-116 - (-53 - 11)) + -3 + 0
-42
What is the value of -1 - 0 - -14 - (34 - (41 + -20))?
0
What is the value of (-9 - -1) + (-480 - -503) + -14 + 3?
4
What is the value of (-14 - (-13 + -18) - 12) + 12?
17
Calculate -52 + (-66 - -70) - (-3 - (3 + 5)).
-37
What is the value of 123 + -31 + -61 - (-7 - -14)?
24
Evaluate 22 + (-13 - (-18 - -6)) + 4 + -3 + 7.
29
-3 - -10 - (8 - (-3 + 6 + 13)) - -3
18
Evaluate 1 + 1 + -35 + 10 + -11 + (-1801 - -1799).
-36
What is 52 + -24 + -6 - 4?
18
Evaluate 1 + 127 + (16 - 16) - (-252 - -255).
125
32 + 10 + -29 - -8
21
(3 - (16 + -19 - -99)) + -8 + 12 + 1
-88
Calculate (-33 + 11 + 10 - -1) + 3 + (-67 - -2).
-73
Evaluate 45 - (123 - (43 - 4)).
-39
What is (-41 - 5) + 13 + 8 + -2?
-27
Evaluate 29 - (-143 - (-3 + -200)).
-31
(2 - -90) + -27 - 142
-77
What is 3048 - 2990 - (63 - 3)?
-2
Calculate (10 - 2) + (9 - 1 - (4 - (-35 + 7))).
-16
29 + -59 + 41 + -60
-49
Calculate 27 - (106 + -179 - -199).
-99
-92 + 38 - (55 + -144)
35
What is (19 - 17 - (10 - -1 - -9)) + -47?
-65
Evaluate (-262 - -250) + (11 + -4 + -2 - -7).
0
What is -106 + (-46 - -238) - (-1 + 12)?
75
What is the value of 2 - 1 - (20 - 17) - (41 + -56)?
13
What is the value of 30 - (-15 + (-30 - -18) + 3)?
54
Calculate 6 - ((7 - 8) + 44 + -1 - (245 - 238)).
-29
(-8 - 1) + (1 - -2) + -22 + 2 + -22
-48
Calculate 17 + -45 + -13 + 21 + (59 - 1).
38
27 - (57 + 15) - (-5 + (-3 - -2))
-39
What is -5 + (27 - 51) + 12 - -9?
-8
What is the value of 3 + -6 + (-4 - (1 - -1) - (-42 + 85))?
-52
Calculate (270 - 19) + -218 + 83.
116
66 - (-10 - ((12 - 5) + 3 + -30) - 9)
65
Calculate (-126 - -1) + 176 + (-260 - -97).
-112
Calculate (48 + -1 - (6 + -7)) + (39 - 21) + -27.
39
-66 + (14 - (9 - 7 - -2) - -1)
-55
What is -104 + 1290 + -1304 + (3 - 4) + (3 - -3)?
-113
What is the value of -105 - -13 - (-23 + -26 + 41) - (7 + 0)?
-91
Calculate 27 + -29 + (-15 - (3 + -34)).
14
What is the value of -37 - (-21 - 38) - (3 + 58)?
-39
What is the value of -25 + (-122 - -167 - -73)?
93
(45 + 1 + -8 - (-9 - -2)) + 15
60
Calculate -1 + 21 + 2 + (53 - 100) + 105 + -64.
16
Evaluate -1 + (-9 - -2) + (38 + -60 - -51 - 12).
9
What is the value of ((11 - 33) + 4 - -9) + (17 - -7) + 7?
22
(-64 - (46 - -33 - 69)) + (-1 - -7)
-68
Calculate (-1 - 13) + (-1810 - -1742).
-82
Evaluate 19 - 1 - (387 + -373) - 8 - (-98 - 0).
94
What is -10 - 0 - (1785 - 1838)?
43
Evaluate 0 + 35 - (-41 + 99 - 56).
33
Calculate -42 + (20 - (102 + -92 + 7 + -1)).
-38
Evaluate (65 - -13) + -94 - -73.
57
43 - (12 + 0 - (591 - 594))
28
What is 14 + -1 + -2 + 3 - (28 - 35)?
21
What is the value of -2 + (-1 - 0) + (11 - (39 - (-19 + 38)))?
-12
What is the value of -5 + -8 + (12 - (-11 - (1 + -10))) - 105?
-104
What is the value of 28 + -51 - (13 - 67)?
31
(-77 - 131) + 75 + 181
48
Calculate 2 + -5 + -7 + -4 - (-7 - (10 - 12)).
-9
Calculate (-2 - -22) + -13 + 18 + -13 + -65 + 4.
-49
What is the value of 85 + (114 - 226) + -2 + 80?
51
Calculate 28 + 2 + -84 + 40 + 25.
11
Evaluate -140 + 152 - (7 + 56 + 3).
-54
Evaluate (3 - 3 - (1 + (-4 - 1))) + (-7961 - -8038).
81
(228 - 252) + 0 + 37 - 1
12
-36 + 50 + (11 - (-21 - -15))
31
(1 + (0 - 11) + -6 - -7) + 39
30
What is the value of 71 + (-45 + 101 - 99)?
28
What is the value of -145 + (-99 - -108 - -235)?
99
What is the value of (3 - 0 - 14 - -12) + (8 - -26 - -2)?
37
What is the value of -17 - (-5 + 8 + -12) - (12 + -3 + 0)?
-17
What is -1 - (-23 + 25 - (-19 - -8))?
-14
Calculate -8 + 6 + 4 + -9 + 5 + 1 + 1.
0
(10 - 0) + (27 - 27) + 6 + -10
6
Evaluate -130 + 56 + 126 - 125.
-73
What is the value of 7 - (-25 - (-5 + -40) - 69)?
56
4 - -42 - (-22 - (-25 - 1)) - -4
46
What is the value of (24 - (107 - 36)) + 89?
42
Calculate -18 - (-176 - -191 - (-9 - -1)).
-41
Evaluate 15 - (40 + -17) - (-88 + 5 + 7 + -4).
72
Calculate 26 + -12 + 16 + -32 - 37.
-39
Evaluate 1034 + -1057 - (-1 + (-2 - 1)).
-19
Calculate 2 - 0 - (-6 - -1 - 34 - (21 - 13)).
49
What is the value of (-6 - 8) + 0 + (7 - (10 - 1))?
-16
What is the value of 54 + -107 + 118 - 141?
-76
What is the value of -8 - (-27 + 145 - 25) - -15?
-86
Calculate -4 + -10 + 29 + -90.
-75
What is (-91 - -64) + 69 + 5 + 13?
60
Calculate 8 + 4 + -68 - (4 - -8 - (-5 + 20)).
-53
What is the value of (-13 - (-4 - (8 + 1))) + (6 - (-73 + 8))?
71
What is -33 - (6 - 42) - ((7 - -1) + -3 - 62)?
60
What is the value of 22 + (119 - (-88 - -110))?
119
Calculate 10 + -5 + 6 - (2 - (-16 - 0)).
-7
(28 - 0) + (-11 + -1 - -24 - 8)
32
What is 27 + -28 - (-34 - -11) - -41?
63
What is the value of (-2 - (5 - (5 + 1 + 1))) + -39?
-39
Calculate (-26 - ((5 - 0) + 46 + -64)) + 87.
74
Evaluate 1 + -4 - (-23 + (-14 - -17) + 16) - -52.
53
-4 - (3 - (9 - -8)) - 31
-21
What is -54 + 63 + -8 + -35?
-34
What is the value of -61 - -59 - -37 - 6?
29
Calculate -48 + (110 - 18) - 84.
-40
What is 18 + (22 - 17) + -104 - -27?
-54
What is (13 - (-32 - (-17 - 36))) + (1 + 2 - -34)?
29
What is -24 + -8 + -1 + (1 + 13 - 8)?
-27
What is 2 + 7 - (-18 + -17 + 102)?
-58
What is 62 + 12 + ((12 - 8) + 0 + -13 - 2)?
63
What is (494 + -458 - (-1 - -1 - 7)) + 13?
56
Evaluate -5 + 3 + -1 + 16 + (-41 - -31).
3
Calculate (-4 - (-1 + -1 - -2)) + -79 + 24 + 54.
-5
What is the value of -17 - (34 + (-44 - 43))?
36
Calculate (-15 - 12 - ((-19 - -3) + 8 + 6)) + -8.
-33
(225 - 144) + -85 + (-1 - 0) + 0 + 52
47
Evaluate 30 + -3 + -1 + (2 - -7) + -6.
29
Evaluate (-1 + 0 - (329 + -304)) + -10.
-36
-145 + (-176 - -379) + (1 - -10)
69
Calculate -1 - 4 - (49 + -52 - (-12 - 2)).
-16
What is the value of (10 - -1) + (-11 - (76 + -57))?
-19
Calculate -132 - (-68 + 66) - -69.
-61
What is the value of 44 + 0 + 279 + -316?
7
1 + -12 + -22 + -44 + 51
-26
What is 55 + (-278 - (-113 - 44))?
-66
Calculate 27 - ((-4 - 19) + -5 + 25).
30
4 + (66 - (38 + 63))
-31
Evaluate -12 - (-13 + 7 + -9) - ((-3 - 19) + -6).
31
What is the value of (-5 - 6) + -611 + 641?
19
Calculate -49 - -5 - (-39 + -46).
41
What is 108 + (-80 - -32) + -54?
6
What is -2 - -17 - ((-68 - -26) + -1 - -26)?
32
What is (-15 - -22 - 10) + -13?
-16
2 + (4 - 11) + (-7 + 0 - (-192 + 194))
-14
What is -41 + 75 + 40 + -108?
-34
Calculate -40 - (11 - (-38 + -16 + 46 + (15 - 0))).
-44
What is the value of -6694 + 6682 - (58 + -4 + (5 - 2))?
-69
Calculate -1 - -19 - (11 + 23 + -61).
45
Evaluate -33 + -1 + 2 + (-5 - -4) + 22 + -21.
-32
Evaluate (166 - 84) + -62 + 50.
70
What is the value of (-44 - (18 + -4 - 11)) + -5 + 9?
-43
Evaluate (-22 - -69 - 14) + 18.
51
Calculate -90 - (-80 + (-65 - -64)).
-9
What is the value of -14 - -55 - (-6 + 9 + 8 + 8 + -22)?
44
Calculate 19 - 4 - (-16 + 15 + 3 + 7